hat is 12aaa - -3?
12ab0
In base 12, what is -5 - -2777?
2772
In base 2, what is 10010001 + -100101000011?
-100010110010
In base 7, what is -6033 - 2141?
-11204
In base 7, what is 15 + -33406?
-33361
In base 3, what is -121012201 + 10?
-121012121
In base 3, what is -10 + -122021121?
-122021201
In base 6, what is -24310 - 104?
-24414
In base 4, what is -21 - -311330?
311303
In base 8, what is -311 - -20031?
17520
In base 2, what is 0 - -11100011000100?
11100011000100
In base 8, what is -31 - -70657?
70626
In base 14, what is -3 - 500d?
-5012
In base 13, what is 1297 + 72?
1339
In base 10, what is -2850 + 77?
-2773
In base 4, what is 10 - 211301220?
-211301210
In base 5, what is -132400 - -442?
-131403
In base 4, what is 10 - -1131000030?
1131000100
In base 8, what is -5 + 667017?
667012
In base 13, what is -4 + -69a1?
-69a5
In base 14, what is -523 - 1b?
-540
In base 10, what is 39 + 30395?
30434
In base 10, what is 0 + -277458?
-277458
In base 11, what is -728 - -12?
-716
In base 6, what is -1425113 - 22?
-1425135
In base 5, what is 2314143 + -2?
2314141
In base 10, what is -3501 - -245?
-3256
In base 3, what is 1 - 1021112122?
-1021112121
In base 10, what is 261 - -57?
318
In base 9, what is -484624 + -24?
-484648
In base 14, what is 67c4 - -54?
6838
In base 11, what is a + a8a4?
a903
In base 15, what is 8 - 291?
-288
In base 16, what is 1 + -1eb7?
-1eb6
In base 7, what is 3 + 4462?
4465
In base 14, what is 0 - -2a4aa5?
2a4aa5
In base 7, what is -5 - -2345040?
2345032
In base 4, what is -1202322 - -113?
-1202203
In base 9, what is -18 - -83?
64
In base 3, what is -1020002 + -11?
-1020020
In base 3, what is -100 + -11120211?
-11121011
In base 12, what is 82 + -2388?
-2306
In base 2, what is 110101100000111 + -1100?
110101011111011
In base 10, what is 2585 - -784?
3369
In base 9, what is 4 - -581805?
581810
In base 4, what is -300010 - 3?
-300013
In base 15, what is 13 - 1650?
-163c
In base 7, what is 3322 - -6?
3331
In base 5, what is 323023 - -144?
323222
In base 2, what is 10 - -10110001011001100?
10110001011001110
In base 15, what is 21c6c - -2?
21c6e
In base 15, what is 133 + -b2?
71
In base 2, what is -1001 - 100010001110011?
-100010001111100
In base 5, what is 24 - -2101041?
2101120
In base 5, what is -14 + -23410433?
-23411002
In base 8, what is -43112 + -3?
-43115
In base 2, what is -1110001110 - -10111001011?
1000111101
In base 7, what is -3556 - 4?
-3563
In base 6, what is -430533 - 3?
-430540
In base 11, what is -1 - -43731?
43730
In base 14, what is 1 - 66c8?
-66c7
In base 3, what is -12 + 2021200121?
2021200102
In base 13, what is -3 - 2016?
-2019
In base 8, what is 4 + -15702?
-15676
In base 11, what is -3a39 + -3?
-3a41
In base 9, what is -2 + -141635?
-141637
In base 2, what is -1101011000000110010 - -101?
-1101011000000101101
In base 8, what is -112 - -21016?
20704
In base 10, what is 279 + -1889?
-1610
In base 7, what is 26 + -246536?
-246510
In base 7, what is -5451 - 10?
-5461
In base 5, what is 22 + 300040?
300112
In base 11, what is -29 + -96a?
-998
In base 14, what is -2c3a39 + 1?
-2c3a38
In base 15, what is -2d73 + -4?
-2d77
In base 6, what is -2 + -140243?
-140245
In base 9, what is -1647 + 48?
-1588
In base 9, what is 805342 + -4?
805337
In base 2, what is -10101011110 + 101101110?
-1111110000
In base 10, what is -11 + 758?
747
In base 15, what is 5 + -1e08?
-1e03
In base 13, what is a2b8 - -1?
a2b9
In base 10, what is 549 - -495?
1044
In base 4, what is 2200233 + -203?
2200030
In base 9, what is 70 + 64804?
64874
In base 11, what is -a520 + 21?
-a4aa
In base 3, what is 120 + -1222100?
-1221210
In base 6, what is -3332 + -455?
-4231
In base 3, what is 11202101200 - -10?
11202101210
In base 8, what is -1524633 + 0?
-1524633
In base 15, what is 3 - -38ba?
38bd
In base 6, what is 340 + 4304?
5044
In base 4, what is -23020 + -1021?
-30101
In base 13, what is 83c + -2b?
811
In base 7, what is 30315 + -326?
26656
In base 5, what is 432244 - 330?
431414
In base 14, what is 7 - ba1a?
-ba13
In base 5, what is 3 + -320341?
-320333
In base 12, what is 0 + -8718?
-8718
In base 3, what is -121012020 - -1011?
-121011002
In base 3, what is 22 + 11000212?
11001011
In base 11, what is 91a0 - -145?
9335
In base 12, what is a64 + -11?
a53
In base 3, what is -11110 - -2210200?
2122020
In base 11, what is -211 - -609?
3a8
In base 9, what is 25 + -37084?
-37058
In base 15, what is -1d5 - -1c49?
1a64
In base 3, what is -1010 - 100111?
-101121
In base 8, what is 0 - -276431?
276431
In base 12, what is -18777 + -1?
-18778
In base 12, what is 37 + 607?
642
In base 8, what is 4 + 57327?
57333
In base 2, what is 0 + 1000100010001?
1000100010001
In base 9, what is 20158 - -123?
20282
In base 7, what is -100040 + 12?
-100025
In base 6, what is -3401025 + 5?
-3401020
In base 9, what is -11 - 456648?
-456660
In base 15, what is 0 + -24b4?
-24b4
In base 4, what is -3100322 + 101?
-3100221
In base 9, what is -325 + 42?
-273
In base 13, what is -2 + -1c47b?
-1c480
In base 4, what is -2101 - 322011?
-330112
In base 10, what is 94 - 2117?
-2023
In base 16, what is 2 + 567?
569
In base 11, what is 8a - 1a08?
-1929
In base 13, what is -435a2 + -20?
-435c2
In base 7, what is 10 + 1400?
1410
In base 12, what is -672 - -1a?
-654
In base 14, what is -61 - 0?
-61
In base 3, what is 2001021012 + -12?
2001021000
In base 10, what is 23 - 1320?
-1297
In base 6, what is 121 + -1322?
-1201
In base 4, what is -32113 + 132?
-31321
In base 12, what is 33 + -5950?
-5919
In base 6, what is -5155451 - 1?
-5155452
In base 15, what is -62c9e3 - 1?
-62c9e4
In base 3, what is 1200110 + 1210?
1202020
In base 8, what is -6345 + 1?
-6344
In base 8, what is -37 - -50053?
50014
In base 12, what is 238105 + -3?
238102
In base 14, what is -16d + 6280?
6111
In base 12, what is 2 - 3b282?
-3b280
In base 5, what is -43011 - -10030?
-32431
In base 5, what is -114231 - 10034?
-124320
In base 10, what is 245351 - 1?
245350
In base 15, what is 542 - 37?
50a
In base 16, what is -54b - b70?
-10bb
In base 13, what is a0 + -365a?
-358a
In base 10, what is -1404439 + -4?
-1404443
In base 5, what is 14 + -2413204?
-2413140
In base 6, what is -1100511 + 41?
-1100430
In base 3, what is -101120 - 10101?
-111221
In base 8, what is 1 - -12437?
12440
In base 7, what is 2 - 500350?
-500345
In base 5, what is 4 - 1324331?
-1324322
In base 8, what is 11 - 412775?
-412764
In base 5, what is -401 - -100010?
44104
In base 9, what is 3110 + -27?
3072
In base 10, what is 1 - 14915?
-14914
In base 16, what is 1fd - 190e?
-1711
In base 16, what is e48 + -121?
d27
In base 2, what is 110 - -10010110010?
10010111000
In base 11, what is -376 - 85?
-450
In base 10, what is -3 + 18224?
18221
In base 9, what is 162 - -534?
706
In base 2, what is -100 - -10110000010100111110?
10110000010100111010
In base 13, what is 101 - -2120?
2221
In base 16, what is 2 - -41b0?
41b2
In base 5, what is -102141442 + 4?
-102141433
In base 14, what is -a - a6?
-b2
In base 9, what is 31 + 21381?
21422
In base 7, what is 3 - -11441154?
11441160
In base 9, what is -204 - -2105?
1801
In base 14, what is 0 - -7ad6?
7ad6
In base 14, what is -2c0b03 + -3?
-2c0b06
In base 3, what is -120211212 + -12?
-120212001
In base 2, what is 10010111100110 + 1001?
10010111101111
In base 12, what is -4 - -9b48?
9b44
In base 7, what is 1423 - 106?
1314
In base 13, what is -1b9 + -262?
-44b
In base 10, what is -30 - 266?
-296
In base 8, what is -300 - -27243?
26743
In base 10, what is 79674 + 40?
79714
In base 5, what is 232330 - -2?
232332
In base 2, what is 11001000010100010 - -1?
11001000010100011
In base 10, what is -6 + -311564?
-311570
In base 14, what is -a9 - d7?
-1a2
In base 12, what is -41 + 549?
508
In base 16, what is -18c732 - 0?
-18c732
In base 3, what is 210 + 1212210020?
1212211000
In base 12, what is -240 + 167?
-95
In base 2, what is 100 - 1011000001010000?
-1011000001001100
In base 7, what is 4 - -233034?
233041
In base 5, what is 2012212 + 0?
2012212
In base 12, what is 306122 + 5?
306127
In base 3, what is 112 - 12122100?
-12121211
In base 11, what is 390 + -279?
112
In base 15, what is 25 + a91?
ab6
In base 6, what is 54 + 433?
531
In base 11, what is -47 - 13520?
-13567
In base 11, what is 52 - 2938?
-2896
In base 2, what is -111000